. What are the prime factors of f?
2, 11, 13
Let k = 5191 - 3057. List the prime factors of k.
2, 11, 97
Let r(w) = w. Let y(i) be the third derivative of -5*i**4/24 + i**3/6 + 3*i**2. Let b(p) = -r(p) + y(p). What are the prime factors of b(-3)?
19
Let d(n) = n**2 + 2. Let j be d(2). Suppose 31*h - 217 - 186 = 0. Suppose -b = -h - j. What are the prime factors of b?
19
Let b = -536 - -908. List the prime factors of b.
2, 3, 31
Suppose 0 = -56*l - 29823 + 85935. List the prime factors of l.
2, 3, 167
Let r = -7 + 8. What are the prime factors of (-2)/((-2)/1) + 22*r?
23
Let n(t) be the first derivative of t**4/4 - 2*t**3 - 7*t**2/2 + 2. Let j be n(7). Suppose s - 3 = 2*s, -3*p - s + 111 = j. List the prime factors of p.
2, 19
Suppose 5*q - 241 = 23*h - 21*h, 0 = q - 4*h - 41. List the prime factors of q.
7
Let b be (-3 - 3)*-1*2. Let z be 8/b*3 + 24. Let m = z + -18. List the prime factors of m.
2
Let i = 1 - -5. Suppose i + 39 = -5*h. Let g = 33 + h. What are the prime factors of g?
2, 3
Suppose 2 = 2*t - 4. Suppose -s + f + 33 = -9, t*f = -2*s + 84. List the prime factors of s.
2, 3, 7
Let d(p) = 2*p - 4. Let n be d(6). Suppose -3*y + 591 = 4*w, 3 = n*y - 5*y. List the prime factors of w.
3, 7
Let a(g) = 3*g + 8. Let u(i) = i. Let n(m) = 5*m**2 - m. Let v be n(1). Let q be u(v). What are the prime factors of a(q)?
2, 5
Let u(j) = -4*j**2 - 13*j + 13. Let h(p) = 4*p**2 + 12*p - 13. Let r(z) = 3*h(z) + 2*u(z). List the prime factors of r(-6).
71
Let m = 734 + -124. List the prime factors of m.
2, 5, 61
Let k = -46 - -65. Let m be -4*-6*3/6. Let n = k + m. What are the prime factors of n?
31
Suppose h - 17 = 3*q, 4*h - 9 = 2*q + 19. Let v be (-11 + 0)*(q - -5). Let p = v - -18. List the prime factors of p.
7
Suppose 0 = -5*v + v. Suppose 0 = l - 3, -5*l + 48 = -3*n - v*l. Let y = 27 + n. What are the prime factors of y?
2
Let r(v) = -16*v + 58. Let o(i) = 32*i - 118. Let y(s) = -2*o(s) - 5*r(s). What are the prime factors of y(13)?
2, 7, 11
Suppose 1744 + 1600 = 4*s. What are the prime factors of s?
2, 11, 19
List the prime factors of ((-38265)/10)/(6/(-4)).
2551
Suppose 11951 + 9489 = 20*f. What are the prime factors of f?
2, 67
Let o be (8/(-4) - -1)*-3 - -3. What are the prime factors of ((-2)/12)/(2/(-402))*o?
3, 67
Let j(o) = -36*o - 80. What are the prime factors of j(-22)?
2, 89
Let o = 1524 - 701. What are the prime factors of o?
823
Let a(p) = 10*p + 12. Let l(t) = -29*t - 35. Let y(d) = -17*a(d) - 6*l(d). Let c be y(4). What are the prime factors of c/8 + 4/16?
3
Let y be 440/50 + (-1)/(-5). Let p(v) = -3*v**2 - v**3 + 75*v + 13*v**2 - 83*v. List the prime factors of p(y).
3
Suppose -4*a = -3*v + 14, 9 + 1 = -5*v. Let r(f) = 3*f**2 + 5*f + 11. List the prime factors of r(a).
61
Suppose 2*k + 3*g = 348, -4*k - 3*g + 646 = -56. List the prime factors of k.
3, 59
Let t(c) be the third derivative of -c**4/3 - 3*c**3/2 + c**2. Suppose 39*o - 35*o = w + 16, -3*o = 4*w + 7. What are the prime factors of t(w)?
23
Let h(w) be the second derivative of 19*w**3/3 - 5*w**2/2 - 14*w. List the prime factors of h(2).
71
Let t(q) = 15*q**2 - 6*q + 7. Let n = -10 - -13. What are the prime factors of t(n)?
2, 31
Suppose -26*n + 22163 + 32073 = 0. List the prime factors of n.
2, 7, 149
Let p(g) = g**3 - g**2 + 3. Let w be p(0). Let a = w - -34. List the prime factors of a.
37
Suppose -2*x = -5*h - 4*x + 1862, 2*h - 3*x = 741. Suppose -9*a + h = -6*a. What are the prime factors of a?
2, 31
Suppose z = -0 + 5. Let g = z - 15. Let y = -7 - g. What are the prime factors of y?
3
Suppose -35*p = 39*p - 292448. What are the prime factors of p?
2, 13, 19
Suppose y = -3*y. Suppose -3*k = b - 6, 3*k + k + 2*b - 6 = y. Suppose -k*z = 26 - 128. List the prime factors of z.
2, 17
Suppose 231 = z + 75. Let s = z + -51. What are the prime factors of s?
3, 5, 7
Suppose 2*d + 3*d = -3*f + 120, 4*f - 160 = -2*d. Suppose -5*x + 80 = 2*g, -g + x = 6*x - f. What are the prime factors of 5/2*32/g?
2
Suppose 0 = -4*d - 3*m + 16, 3*d = 4*m + 18 - 6. Suppose -404 + 158 = -5*x + 2*o, -d*x + 195 = -o. List the prime factors of x.
2, 3
Let r be (-11)/(-4) - 1/(-4). Suppose 0 = -m + r*l - 35, -4*m - 5*l = -2*m + 92. Let f = -12 - m. What are the prime factors of f?
29
Let d(z) = 58 - 14*z + 2*z**2 + 2 + 4*z. List the prime factors of d(11).
2, 3
Let n(l) = l**3 + 3*l**2 + 6*l + 4. Let c be n(-4). Let w = c - -67. List the prime factors of w.
31
Let a = 22 - 18. Suppose -13 = -a*f + 7. Suppose 0 = -f*k + k + 44. What are the prime factors of k?
11
Let o(d) = -16*d**3 - 3*d**2 + 10*d + 9. What are the prime factors of o(-4)?
3, 5, 7
Let z be (168/(-35))/8 + (-173)/(-5). Suppose 4*l - 19 = u + 33, -5*u = l - z. What are the prime factors of l?
2, 7
Suppose 2*y + 8 = 0, 4*g - 5*y - 21 - 15 = 0. Suppose 364 = 4*f + d - g*d, 0 = f - 4*d - 104. List the prime factors of f.
2, 11
What are the prime factors of -1*-110*(11 - (6 - 3))?
2, 5, 11
Let u be (22 + -26)*(-1 - (-2)/8). Let l be (-1*6)/((-6)/4). Suppose 3*o = -w - 0*w + 11, l*o + 72 = u*w. What are the prime factors of w?
2, 5
Let s(h) be the second derivative of -h**5/20 - 7*h**4/12 - 5*h. Let u be s(-7). Let a = 4 + u. List the prime factors of a.
2
Let v(r) = r**3 + 25*r**2 + 18*r - 34. Suppose 66*t = 63*t - 72. What are the prime factors of v(t)?
2, 5, 11
Suppose 27*y - 21*y - 30 = 0. List the prime factors of y.
5
Suppose 0 = -6*u + 1474 + 1490. What are the prime factors of u?
2, 13, 19
Suppose 5*q + 16*q = 21231. List the prime factors of q.
3, 337
Suppose -4*n = -7*n - 15. What are the prime factors of n - 167/2*-2?
2, 3
Let q(i) = -i**2 - i + 1. Let g(p) = -8*p**2 + 7*p - 3. Let u(t) = -g(t) - 4*q(t). What are the prime factors of u(-2)?
53
Let l(f) = f**3 + 8*f**2 - 2*f - 4. Let h be 7/((-21)/18) + 0. Let b be l(h). Suppose 5*c = -0*c + b. What are the prime factors of c?
2
Let p = 34 + 11. Suppose -p = -u + 31. Suppose 0*i = 4*i - u. What are the prime factors of i?
19
Let i(p) = p + 15. Let v be i(-13). Suppose 4*c - 2*h = 632, v*c - 310 = h + 3*h. Suppose -4*u - u + c = -3*r, 8 = 4*r. What are the prime factors of u?
3, 11
Let b be (-2)/3*(-414)/12. Suppose -h + 47 = -b. List the prime factors of h.
2, 5, 7
Suppose 6*s = 5*s - 5*i + 372, -3*s + 4*i + 1116 = 0. What are the prime factors of s?
2, 3, 31
Let a = 576 + -527. Let r = 6 - 8. What are the prime factors of 3 + 10/r + a?
47
Let v(x) = 3*x**2 - 8*x + 4. Let h(t) = -3*t**2 + 9*t - 5. Let w(s) = 2*h(s) + 3*v(s). List the prime factors of w(5).
47
Let d(x) = 11*x**2 + 2 - 4 + 3*x - 7*x**2. List the prime factors of d(-4).
2, 5
Let k(t) = 2*t**2 - 2*t - 8. Let o be k(6). Let h(g) = -9*g. Let x be h(-4). Let m = o - x. What are the prime factors of m?
2
Let j(y) = 15*y - 20*y - 16 + 3*y + 8*y. Let l be (3*-4)/(6/(-4)). List the prime factors of j(l).
2
Let i = 11 + -8. Suppose 0 = 3*o + 3*s - 12, -3*o + 4*s = -0*o + 16. Suppose o = 3*a - 6, -i*g = -3*a - 23 - 37. List the prime factors of g.
2, 11
Let d(t) = 9*t**2 + 4*t - 4. Let k(l) = -l**3 - 26*l**2 - 48*l - 4. Let f be k(-24). What are the prime factors of d(f)?
2, 31
Suppose 523 - 83 = 2*a. List the prime factors of a.
2, 5, 11
Suppose 5*t - 2 = 23. Suppose -3*m = -t*v + 4, -3*m = 2*v - 6 + 38. List the prime factors of 12/m + (-186)/(-4).
3, 5
What are the prime factors of ((-2304)/(-80))/((-6)/(-20))?
2, 3
Let k(s) be the first derivative of -s**4/4 + 5*s**3/3 + 2*s**2 + 16*s + 3. List the prime factors of k(6).
2
Suppose 0 = 4*d - 3*d - 138. Let r be 0 + (-1 - -1) + d. Suppose -4*l - 5*c = -r + 21, l - 33 = -5*c. What are the prime factors of l?
2, 7
Let l(v) = 6*v**2 - 15*v - 19. List the prime factors of l(12).
5, 7, 19
Suppose 41*b + 5876 = 54*b. What are the prime factors of b?
2, 113
Suppose 0 = -5*z - 5*i - 115, -5*z = -2*i + 3*i + 127. Let k be (5/(5/74))/2. Let o = z + k. List the prime factors of o.
11
Let d(h) = -27 - 9*h + 4*h - 3*h. What are the prime factors of d(-10)?
53
Let g = -29 + 31. Let c be 11/g - (-6)/(-4). Suppose -4*f + 277 = c*j + f, 2*j - 5*f = 101. What are the prime factors of j?
3, 7
Suppose 2*h = -n - 2*n - 687, -1029 = 3*h + 3*n. Let b = -208 - h. List the prime factors of b.
2, 67
Let c(k) be the second derivative of -3*k - 8/3*k**3 - 3/2*k**2 + 0. What are the prime factors 